 67, 507151
List the prime factors of 247239125.
5, 7, 282559
List the prime factors of 641664483.
3, 213888161
List the prime factors of 3043601471.
491, 2333, 2657
List the prime factors of 2375676899.
41, 47, 227, 5431
List the prime factors of 934786826.
2, 467393413
List the prime factors of 8136807.
3, 7, 19, 20393
List the prime factors of 1329323323.
607, 2189989
What are the prime factors of 40047543?
3, 191, 23297
What are the prime factors of 6671557767?
3, 7, 23, 593, 23293
What are the prime factors of 310034863?
239, 1297217
What are the prime factors of 50421412?
2, 47, 268199
List the prime factors of 167968886.
2, 97, 865819
What are the prime factors of 13475728?
2, 7, 120319
What are the prime factors of 168483200?
2, 5, 37, 1423
List the prime factors of 48877866.
2, 3, 2715437
What are the prime factors of 1286888080?
2, 5, 1483, 10847
What are the prime factors of 2951930?
2, 5, 163, 1811
List the prime factors of 701924885.
5, 19, 7388683
List the prime factors of 5252066776.
2, 11, 3673, 16249
What are the prime factors of 4236219821?
3557, 1190953
What are the prime factors of 1433621019?
3, 137, 167, 20887
List the prime factors of 41275219.
167, 439, 563
List the prime factors of 474800636.
2, 251, 472909
List the prime factors of 1003333734.
2, 3, 13, 61, 5407
List the prime factors of 1696307641.
7, 179, 199, 6803
List the prime factors of 685288789.
19, 36067831
List the prime factors of 54842515.
5, 7, 13, 67, 257
List the prime factors of 12879248.
2, 29, 41, 677
What are the prime factors of 1921454625?
3, 5, 5123879
What are the prime factors of 3147120440?
2, 5, 71, 653, 1697
List the prime factors of 53927754.
2, 3, 8987959
List the prime factors of 266796298.
2, 133398149
What are the prime factors of 1938462123?
3, 13, 443, 112199
What are the prime factors of 681365822?
2, 340682911
What are the prime factors of 39483870?
2, 3, 5, 23, 57223
What are the prime factors of 2149211640?
2, 3, 5, 281, 63737
What are the prime factors of 256645907?
7, 36663701
What are the prime factors of 171112452?
2, 3, 7, 137, 14869
List the prime factors of 63358491.
3, 7, 23, 47, 2791
What are the prime factors of 12466325?
5, 498653
List the prime factors of 28387318.
2, 14193659
List the prime factors of 4686820485.
3, 5, 229, 1364431
What are the prime factors of 548142202?
2, 41, 2087, 3203
What are the prime factors of 3888134792?
2, 486016849
List the prime factors of 438228623.
7, 41, 1526929
What are the prime factors of 749676575?
5, 71, 422353
What are the prime factors of 154882287?
3, 7, 39023
List the prime factors of 80479270.
2, 5, 929, 8663
List the prime factors of 163925296.
2, 73, 293, 479
What are the prime factors of 3180856329?
3, 7, 19, 29, 43, 2131
List the prime factors of 61808793.
3, 457, 45083
What are the prime factors of 141667991?
141667991
List the prime factors of 1956626846.
2, 41, 581983
List the prime factors of 20412770.
2, 5, 7, 331, 881
List the prime factors of 714137341.
714137341
List the prime factors of 15381825.
3, 5, 23, 37, 241
What are the prime factors of 339230080?
2, 5, 7, 75721
What are the prime factors of 1227891738?
2, 3, 204648623
List the prime factors of 38558680.
2, 5, 71, 13577
List the prime factors of 190462932.
2, 3, 11, 480967
What are the prime factors of 314514589?
281, 1119269
List the prime factors of 225769555.
5, 11, 617, 6653
List the prime factors of 249574176.
2, 3, 37, 211
List the prime factors of 706384375.
5, 19, 11897
List the prime factors of 36301179.
3, 181, 66853
What are the prime factors of 460218366?
2, 3, 25567687
What are the prime factors of 128369612?
2, 7, 107, 6121
List the prime factors of 1778387219.
7, 9661, 26297
What are the prime factors of 809620158?
2, 3, 134936693
What are the prime factors of 27108483?
3, 1607, 5623
What are the prime factors of 38954397?
3, 331, 39229
List the prime factors of 98969176.
2, 19, 599, 1087
What are the prime factors of 162036300?
2, 3, 5, 540121
List the prime factors of 247345217.
7, 35335031
List the prime factors of 518357817.
3, 57595313
List the prime factors of 185152948.
2, 19, 71, 34313
List the prime factors of 1177581678.
2, 3, 7, 13, 283, 7621
List the prime factors of 8757198623.
8757198623
What are the prime factors of 4270564457?
37, 5581, 20681
What are the prime factors of 93802939?
337, 278347
What are the prime factors of 399671674?
2, 199835837
What are the prime factors of 263019804?
2, 3, 2377, 9221
What are the prime factors of 832709683?
13, 29, 2208779
List the prime factors of 247101528.
2, 3, 17, 605641
What are the prime factors of 444927862?
2, 222463931
List the prime factors of 83522528.
2, 1307, 1997
What are the prime factors of 147783861?
3, 1439, 11411
List the prime factors of 187698193.
23, 199, 1783
List the prime factors of 87943494.
2, 3, 14657249
What are the prime factors of 1098963430?
2, 5, 109896343
What are the prime factors of 212630622?
2, 3, 229, 154753
List the prime factors of 4769855.
5, 19, 23, 37, 59
List the prime factors of 42482145.
3, 5, 2832143
List the prime factors of 813958093.
13, 79, 792559
List the prime factors of 64380215.
5, 12876043
List the prime factors of 136895209.
11, 19, 655001
List the prime factors of 252635354.
2, 126317677
List the prime factors of 40794183.
3, 1697, 2671
What are the prime factors of 346425217?
31, 109, 102523
What are the prime factors of 114277375?
5, 914219
What are the prime factors of 2493439103?
19, 67, 1958711
What are the prime factors of 97706068?
2, 239, 102203
List the prime factors of 486221130.
2, 3, 5, 66697
List the prime factors of 2671641833.
7, 381663119
List the prime factors of 2251772636.
2, 562943159
What are the prime factors of 38622996?
2, 3, 487, 2203
List the prime factors of 601741937.
601741937
List the prime factors of 2649763919.
11, 240887629
What are the prime factors of 38334710?
2, 5, 727, 5273
What are the prime factors of 1309505714?
2, 11, 5087, 11701
What are the prime factors of 25040488?
2, 11, 284551
What are the prime factors of 526377126?
2, 3, 11, 23, 131, 2647
What are the prime factors of 896670569?
896670569
What are the prime factors of 529624342?
2, 13, 20370167
What are the prime factors of 527713388?
2, 17, 37, 209743
What are the prime factors of 126727050?
2, 3, 5, 844847
What are the prime factors of 23836453?
23836453
List the prime factors of 13927582.
2, 127, 54833
What are the prime factors of 45363057?
3, 809, 18691
What are the prime factors of 580131132?
2, 3, 7, 6906323
List the prime factors of 142525724.
2, 11, 31, 104491
List the prime factors of 792761675.
5, 1031, 30757
What are the prime factors of 461111494?
2, 19, 12134513
List the prime factors of 82755296.
2, 13, 331, 601
What are the prime factors of 23152223?
23152223
What are the prime factors of 278185921?
13, 21398917
What are the prime factors of 3916039804?
2, 59, 2113, 7853
What are the prime factors of 51457200?
2, 3, 5, 137, 313
List the prime factors of 2896314625.
5, 23170517
What are the prime factors of 959541121?
7, 11, 947, 13159
List the prime factors of 2294569579.
127, 18067477
List the prime factors of 883662565.
5, 1787, 98899
What are the prime factors of 1137727466?
2, 31, 18350443
What are the prime factors of 3830589291?
3, 151, 367, 23041
List the prime factors of 2561741774.
2, 5783, 221489
List the prime factors of 1418885764.
2, 2801, 126641
What are the prime factors of 4169033065?
5, 3733, 223361
List the prime factors of 1158383134.
2, 29, 1571, 12713
What are the prime factors of 394128628?
2, 19, 991, 5233
List the prime factors of 120047941.
13, 9234457
What are the prime factors of 712991821?
712991821
List the prime factors of 880913076.
2, 3, 2281, 32183
What are the prime factors of 489225665?
5, 167, 585899
List the prime factors of 7286041901.
4523, 1610887
List the prime factors of 901777356.
2, 3, 25049371
List the prime factors of 467867080.
2, 5, 11696677
What are the prime factors of 108038215?
5, 71, 271, 1123
What are the prime factors of 329148976?
2, 13, 1582447
List the prime factors of 7066336183.
37, 41, 4658099
List the prime factors of 44198194.
2, 2797, 7901
List the prime factors of 1656310433.
1656310433
What are t